ime factors of b(q).
11
Let q = 231 - -4. What are the prime factors of q?
5, 47
Suppose 2*n = -n - 5*k - 46, 2*n + 4*k + 32 = 0. Let v = n - -7. List the prime factors of (-2)/v + 48/5.
2, 5
Let i(d) = d**3 - d**2 + 5. Let n be i(0). Suppose n*l = -2*a - 58, -2*l - 14 = l - 4*a. List the prime factors of (16/l)/(4/(-10)).
2
Let u = -7 + 10. Suppose -14 - 1 = -a - 5*t, u*a = -t + 45. List the prime factors of a.
3, 5
Suppose 2*s - 24 = -3*z, 0 = -s - 0*z + 3*z - 6. List the prime factors of s.
2, 3
Suppose 5*v + l - 179 = 0, v - 3*l + 2*l = 37. What are the prime factors of v?
2, 3
Suppose -4*i = -667 + 159. What are the prime factors of i?
127
Let u(n) = n**2 + 14*n + 17. List the prime factors of u(-17).
2, 17
Suppose 3*y + k - 99 - 221 = 0, 5*k - 520 = -5*y. List the prime factors of y.
2, 3
Let b(x) = 3*x**2 + 15*x + 50. List the prime factors of b(-6).
2, 17
Suppose -3*c + 0*o = 3*o + 3, -21 = -3*c + 5*o. Suppose c*p - p = 18. What are the prime factors of p?
2, 3
Let x = 86 - 85. Let y be (-1)/(-1) + (2 - -2). Suppose -y*b - x + 21 = 0. List the prime factors of b.
2
Suppose -2*a + 145 = -467. What are the prime factors of a?
2, 3, 17
Let g = -15 + 25. List the prime factors of g.
2, 5
Let v(s) = 2*s**2 + 10*s + 14. What are the prime factors of v(6)?
2, 73
Let s(n) = 13 - n + 8 - 8. Let a be s(10). Suppose 0 = a*l + 1 - 16. List the prime factors of l.
5
Suppose 2*p - g = -0*p + 13, p + 4*g - 20 = 0. Let v = p + -6. Suppose -v*d = -6*d + 5*o + 28, o = d - 6. List the prime factors of d.
2
Let w be (-1392)/(-30) - (-3)/5. Let c = -34 + w. What are the prime factors of c?
13
Let x(s) = -2*s + 3*s + s. Let j be x(-6). What are the prime factors of (j/5)/(-4)*5?
3
Suppose -5*g + 198 = -2. What are the prime factors of g?
2, 5
Suppose o + 3 - 5 = 0. Let l(v) = 4*v**2 + v - 1. List the prime factors of l(o).
17
Let j be ((-4)/5)/(14/(-35)). Suppose -3*t - 4*r = -3 - 48, 71 = 5*t + j*r. List the prime factors of t.
13
Let j(a) = -31*a. Let l be j(-5). Suppose l = 5*o - 60. List the prime factors of o.
43
Let k(v) = 4*v - 1. Let n be k(2). Suppose 0 = -3*x + n - 1. What are the prime factors of x?
2
Suppose -3*b + 102 = -4*q + 2*b, 2*b = q + 24. Let p = 54 + q. List the prime factors of p.
2, 13
Let m be 0*3/9 - -2. Let s be m/(-3) - 32/(-12). What are the prime factors of (-1)/(s/(-24)) + 1?
13
Let s(z) be the first derivative of z**4/12 + 2*z**3/3 + 3*z**2 + z + 2. Let w(r) be the first derivative of s(r). List the prime factors of w(-4).
2, 3
Let h = 17 + -12. Suppose w + 6 = -3*y, -h*w - 4*y = y - 10. Let b = w - 3. What are the prime factors of b?
3
Suppose -4*r - 2*i + 422 - 120 = 0, -5*r = -5*i - 340. List the prime factors of r.
73
Suppose 3*r - 4*r = 2. Let q be r/7 - (-51)/7. Let f(d) = -d**2 + 9*d - 2. List the prime factors of f(q).
2, 3
Let h be 2/16 + 11/(-88). Suppose 5*f - 215 = 2*t, h = 3*f - 4*t - 72 - 71. What are the prime factors of f?
41
Let t = 4 + -7. What are the prime factors of (t - 0) + 8 + -1?
2
Let f(l) = 12*l. Let s be -1*2/(-6)*3. List the prime factors of f(s).
2, 3
Suppose 4*j = -j - 10. What are the prime factors of (j + 6)*9/4?
3
Let c(v) = v**2 + v + 14. What are the prime factors of c(-7)?
2, 7
Suppose 4*v + n + 6 = -0*n, -5*n + 16 = -3*v. Let b be 4/(-8)*(-2 + v). Let q = b - -6. List the prime factors of q.
2
Let u = -276 - -180. Let l = u + 146. List the prime factors of l.
2, 5
Suppose -4*o + 0*o = -20. Suppose o*l = -0*l + 55. Suppose -6*k + 2*k = -m + l, -3*m + 4*k = -25. List the prime factors of m.
7
Let a(s) = 2*s - 5. Let r be a(4). Let t be 21 - (-2)/(-6)*r. Suppose -t = -2*k - 2*k. What are the prime factors of k?
5
Suppose -10*m + 377 = -13. List the prime factors of m.
3, 13
Suppose -4*c = -c + l - 51, -2*c = -2*l - 42. What are the prime factors of c?
2, 3
Let g = 163 + -112. List the prime factors of g.
3, 17
Suppose -4*u - 67 = -6*u - 3*n, -2*n + 10 = 0. Suppose 2*y + u = 4*b, -5*y - 5 + 0 = 5*b. List the prime factors of b/(-2 - (-10)/4).
2
Let z = -17 + 194. What are the prime factors of z?
3, 59
Suppose 31 = -5*a - 2*l + 8, -4*a - 2*l = 20. Suppose 8*y = 2*f + 5*y, 0 = 4*f + y + 14. List the prime factors of -7*(f - (-5 - a)).
7
Suppose 3*m = x + 11, 5*m + 5*x - 5 = -0*x. Suppose m = -l - u - 3*u, 49 = 5*l + 4*u. List the prime factors of l.
13
Suppose -2*n = -6*n + 8. Suppose 12 = 2*d + 3*w + n*w, -3*d + 18 = -w. What are the prime factors of d?
2, 3
Suppose 6*b - 63 - 81 = 0. What are the prime factors of b?
2, 3
Let m(j) = -j - 2. Let a be m(-6). Suppose 0 = -u - a*u. Let i(c) = -c**3 + c**2 + 9. What are the prime factors of i(u)?
3
Let q = -39 - -68. What are the prime factors of q/3 + (-6)/(-18)?
2, 5
Let u(c) = -c + 2. Suppose 0*t + 24 = -2*t. List the prime factors of u(t).
2, 7
Suppose 4*h = 2*r + 306, -8*h + 6*h - 2*r = -150. List the prime factors of h.
2, 19
Let t be ((-2)/(-4))/((-1)/(-2)). Suppose c + 0*c = -60. List the prime factors of c/(-6)*t/2.
5
Let u(x) = x**3 - x**2 - x. Let q be u(0). Suppose 3*v + q*v = -9. What are the prime factors of (0 - 1) + (-39)/v?
2, 3
Let c = 34 - 27. What are the prime factors of c?
7
Let r be -14 - -2 - (1 - -1). Let d = 11 - r. Suppose 2*h + 3*h - d = 0. List the prime factors of h.
5
Let z = -164 + 236. List the prime factors of 1/(-4) - z/(-32).
2
Let u(v) = v**3 - 7*v**2 - v + 3. Let j be u(7). Let l be ((-20)/6)/(j/6). Suppose -l = -5*t + 25. List the prime factors of t.
2, 3
Let v = -23 - -133. List the prime factors of v.
2, 5, 11
Suppose -72 = -h - 2*h. Suppose -i + h = i. Suppose 0 = -s + 2*w + i, 2*s - 3*w - 11 = 9. What are the prime factors of s?
2
Suppose -4 = -3*v + 2*v. Suppose 6 = -i - b - 15, 0 = -i - v*b - 36. Let m = -1 - i. List the prime factors of m.
3, 5
Let v = -28 + 12. Let q = 34 + v. What are the prime factors of q?
2, 3
Suppose 58 = 3*u - 581. What are the prime factors of u?
3, 71
Suppose -296 = -58*j + 57*j. List the prime factors of j.
2, 37
Let g be (-1 - -6)*48/30. Let k = -2 - -4. Let j = g + k. What are the prime factors of j?
2, 5
Let a(z) be the third derivative of 0 + z**2 - 1/60*z**5 + 0*z**3 - 1/24*z**4 + 0*z - 1/30*z**6. List the prime factors of a(-1).
2
Suppose 0 = f + f - 8. Suppose 5*d - 20 = 0, f = -3*h + 4*d - 0. What are the prime factors of (-3)/2 - (-66)/h?
3, 5
Let h = -8 - -35. What are the prime factors of h?
3
Let b be (-1)/2 + 10/4. Suppose b*s + 18 = 4*s. What are the prime factors of s?
3
Let q(x) = -6*x - 1. Let j be q(-1). Let w = j - -2. Suppose 2*s + 30 = w*s. What are the prime factors of s?
2, 3
Let r = 52 - 87. Let c = r - -63. What are the prime factors of c?
2, 7
Let m = 105 - 52. What are the prime factors of m?
53
Suppose -j + 241 = 5*f, j + 143 = -f + 4*f. What are the prime factors of f?
2, 3
Let g(i) = i**2 - 8*i + 1. List the prime factors of g(9).
2, 5
Let z = 0 + 18. Suppose 2*i = -h - h + z, 5*i = -4*h + 40. List the prime factors of i.
2
Let i(s) = 2 + 6*s**2 + s**3 + 4 + 3 - 9*s. What are the prime factors of i(-7)?
23
Let z(t) = t**2 + t - 4. Suppose 1 - 7 = 3*f + 3*w, 22 = 4*f - 2*w. What are the prime factors of z(f)?
2
Let j = 0 + 0. Suppose -2*u + 0*o = -3*o - 24, j = -4*u + 2*o + 56. List the prime factors of u.
3, 5
Let o(a) = -a**3 - 2*a**2 - 4. Let l(g) be the second derivative of -g**4/12 - g**3/3 + 2*g. Let m be l(-3). List the prime factors of o(m).
5
Suppose 2*k + 3*y + 25 = 0, 2*y + 17 = -3*k - 13. Let j(i) = -5*i + 4. Let h be j(k). Suppose 4*x = -0*x + h. List the prime factors of x.
11
List the prime factors of (-7)/2*(2 + -50).
2, 3, 7
Let g(p) be the first derivative of p**2/2 - 5*p + 1. What are the prime factors of g(8)?
3
Let o = 13 + -11. Suppose -o*q = -0*q - 16. List the prime factors of q.
2
Let d(j) = j**3 - 8*j**2 + 9*j - 9. Let f be d(7). Suppose -w - f*c + 1 = 3, 0 = -2*w - 5*c + 11. List the prime factors of w.
13
Let f be (-136)/(-20) - 1/(-5). Let l = 35 - f. What are the prime factors of l?
2, 7
Let q(j) = -j + 9. Let n be q(0). Suppose 12 = -g + 3*y - 0*y, -y = 4*g + n. Let s(l) = l**3 + 5*l**2 + 2*l - 1. List the prime factors of s(g).
11
Suppose 230 = 5*v + 70. List the prime factors of v.
2
Let q(m) = -m. Let p(f) = 6*f - 8. Let h(l) = -p(l) - 5*q(l). Suppose -22 = a - 4*s, -3*s = 5*a + 29 - 11. List the prime factors 